 of 2484108 and 144.
36
What is the highest common divisor of 123 and 780599?
41
What is the greatest common divisor of 27840 and 9840?
240
What is the highest common divisor of 332 and 404210?
166
What is the highest common divisor of 181629 and 189?
189
What is the highest common divisor of 168 and 30072?
168
What is the highest common factor of 492 and 74415?
123
Calculate the highest common divisor of 107 and 2359671.
107
Calculate the greatest common factor of 20 and 133885.
5
Calculate the highest common divisor of 2455 and 143863.
491
What is the greatest common divisor of 15124 and 494?
38
Calculate the greatest common divisor of 134 and 7315998.
134
Calculate the highest common divisor of 430524 and 36.
36
Calculate the greatest common divisor of 174 and 516693.
87
Calculate the greatest common factor of 51 and 1705695.
51
Calculate the greatest common factor of 44088 and 15531.
501
What is the highest common factor of 325 and 1755?
65
What is the greatest common divisor of 528 and 47652?
132
What is the greatest common factor of 110 and 22286?
22
What is the highest common divisor of 63862 and 25160?
74
What is the highest common divisor of 21255 and 1911?
39
Calculate the greatest common factor of 416 and 13546.
26
What is the greatest common factor of 451 and 253913?
451
Calculate the greatest common factor of 750 and 810375.
375
Calculate the highest common divisor of 21 and 261.
3
What is the highest common divisor of 18 and 306?
18
Calculate the greatest common divisor of 33 and 25762.
11
Calculate the highest common divisor of 5 and 1405.
5
Calculate the greatest common divisor of 135 and 9909.
27
Calculate the greatest common factor of 215 and 2735.
5
What is the highest common divisor of 504 and 544716?
36
Calculate the highest common factor of 2964 and 41652.
156
What is the highest common factor of 3835 and 9440?
295
What is the highest common divisor of 3921 and 12?
3
Calculate the greatest common factor of 502233 and 332.
83
What is the highest common factor of 505 and 10504?
101
Calculate the greatest common divisor of 69 and 572493.
69
What is the greatest common divisor of 662 and 616653?
331
What is the highest common factor of 3080 and 48455?
55
Calculate the highest common factor of 20818 and 4.
2
Calculate the greatest common factor of 3633730 and 10.
10
What is the highest common divisor of 197859 and 5454?
303
Calculate the greatest common divisor of 18910 and 12865.
155
Calculate the greatest common divisor of 212584 and 4.
4
Calculate the highest common factor of 98430 and 50.
10
Calculate the greatest common divisor of 229651 and 203.
29
What is the greatest common factor of 3144 and 120?
24
What is the highest common divisor of 2220 and 6180?
60
What is the greatest common factor of 7526 and 5254?
142
What is the greatest common factor of 2534 and 41449?
181
What is the highest common factor of 616 and 14872?
88
Calculate the highest common factor of 5061 and 21.
21
Calculate the highest common divisor of 8120 and 805.
35
What is the greatest common factor of 10 and 67105?
5
Calculate the highest common factor of 566 and 1268123.
283
What is the highest common divisor of 1 and 66541?
1
What is the greatest common divisor of 32320 and 2480?
80
Calculate the highest common factor of 10323 and 9207.
279
Calculate the highest common divisor of 3165 and 24855.
15
What is the highest common factor of 324 and 7668?
108
Calculate the greatest common factor of 132 and 252978.
66
What is the greatest common divisor of 3718 and 1232?
22
What is the greatest common divisor of 45 and 15465?
15
What is the greatest common factor of 176 and 52492?
44
What is the highest common factor of 6 and 98247?
3
What is the highest common divisor of 10 and 11545?
5
What is the greatest common divisor of 10429352 and 16?
8
Calculate the highest common factor of 979 and 12149390.
979
What is the highest common factor of 7722 and 666?
18
What is the highest common factor of 888 and 2320?
8
Calculate the greatest common factor of 12587 and 410.
41
What is the highest common factor of 216 and 88?
8
What is the highest common divisor of 24396 and 14326?
38
Calculate the highest common factor of 16140 and 45.
15
What is the highest common factor of 729 and 54?
27
Calculate the highest common divisor of 990 and 7832.
22
Calculate the greatest common factor of 74 and 1734893.
37
Calculate the greatest common divisor of 1764128 and 88.
8
Calculate the highest common factor of 113585 and 5.
5
What is the highest common divisor of 4437 and 49725?
153
What is the greatest common factor of 7 and 111937?
7
What is the greatest common factor of 74 and 163022?
74
Calculate the highest common factor of 51 and 194021.
17
Calculate the highest common divisor of 7138 and 16.
2
What is the highest common divisor of 92 and 5558502?
46
Calculate the highest common factor of 310600 and 1000.
200
Calculate the highest common divisor of 75 and 3849015.
15
Calculate the greatest common factor of 7565 and 595.
85
What is the greatest common divisor of 336 and 249438?
42
Calculate the highest common factor of 3419748 and 180.
36
What is the greatest common factor of 52 and 6266?
26
Calculate the greatest common divisor of 1053 and 2943.
27
Calculate the highest common factor of 7 and 9023.
7
Calculate the greatest common divisor of 10309 and 141947.
793
Calculate the highest common factor of 1530 and 1335.
15
What is the highest common divisor of 11625 and 405?
15
What is the greatest common divisor of 12282 and 183?
3
What is the greatest common divisor of 605498 and 46?
46
What is the greatest common factor of 767 and 31044?
13
What is the highest common factor of 5 and 8135?
5
What is the greatest common factor of 101320 and 408?
136
Calculate the greatest common divisor of 507760 and 1144.
88
What is the highest common divisor of 23986 and 1790?
358
Calculate the greatest common divisor of 9742 and 36.
2
Calculate the greatest common factor of 22378 and 334.
334
What is the greatest common divisor of 1030 and 70?
10
Calculate the highest common factor of 259 and 5845.
7
Calculate the greatest common factor of 45 and 2700.
45
Calculate the greatest common divisor of 1195 and 995.
5
What is the greatest common factor of 21291 and 3322?
151
What is the greatest common divisor of 192459 and 15?
3
What is the highest common divisor of 5631 and 15?
3
Calculate the highest common divisor of 50 and 1691250.
50
What is the highest common factor of 5677 and 714?
7
What is the greatest common factor of 58775 and 800?
25
What is the highest common factor of 1643 and 3763?
53
What is the highest common divisor of 2068 and 564?
188
What is the greatest common divisor of 67347 and 34208?
1069
Calculate the greatest common divisor of 8723 and 377.
13
Calculate the highest common divisor of 7732 and 10.
2
Calculate the greatest common divisor of 1512 and 1248.
24
What is the greatest common divisor of 458 and 51?
1
Calculate the highest common divisor of 1912 and 1184006.
478
Calculate the greatest common divisor of 23302 and 27694.
122
Calculate the greatest common divisor of 19864 and 65.
13
Calculate the highest common factor of 3435743 and 43.
43
What is the greatest common factor of 89 and 3004373?
89
Calculate the greatest common divisor of 3370884 and 132.
132
What is the greatest common factor of 20128 and 864?
32
Calculate the greatest common factor of 384 and 244.
4
Calculate the greatest common factor of 1439 and 295.
1
Calculate the greatest common divisor of 2299 and 84227.
209
Calculate the highest common divisor of 1414426 and 26.
26
Calculate the greatest common divisor of 408406 and 74.
74
Calculate the highest common factor of 15 and 5961.
3
What is the greatest common divisor of 2706816 and 399?
399
Calculate the highest common factor of 145 and 5744755.
145
Calculate the greatest common divisor of 100 and 443690.
10
Calculate the greatest common factor of 472665 and 9.
3
Calculate the greatest common factor of 3160 and 85.
5
What is the highest common divisor of 58 and 648527?
29
Calculate the highest common factor of 17018 and 10.
2
Calculate the greatest common divisor of 170 and 1873145.
85
What is the highest common divisor of 44 and 37196?
4
What 